{"id":608,"date":"2022-06-10T19:22:20","date_gmt":"2022-06-10T19:22:20","guid":{"rendered":"https:\/\/demo.themedraft.net\/wp\/doctio\/?page_id=608"},"modified":"2025-06-02T02:15:30","modified_gmt":"2025-06-02T02:15:30","slug":"about-us-2","status":"publish","type":"page","link":"https:\/\/www.ginecologiayoncologia.com\/pag\/about-us-2\/","title":{"rendered":"Dr. Romeo Sales"},"content":{"rendered":"\t\t<div data-elementor-type=\"wp-page\" data-elementor-id=\"608\" class=\"elementor elementor-608\">\n\t\t\t\t\t\t<section class=\"elementor-section elementor-top-section elementor-element elementor-element-433d3c3b elementor-section-stretched elementor-section-boxed elementor-section-height-default elementor-section-height-default\" data-id=\"433d3c3b\" data-element_type=\"section\" data-e-type=\"section\" data-settings=\"{&quot;stretch_section&quot;:&quot;section-stretched&quot;}\">\n\t\t\t\t\t\t<div class=\"elementor-container elementor-column-gap-default\">\n\t\t\t\t\t<div class=\"elementor-column elementor-col-50 elementor-top-column elementor-element elementor-element-2ec804cd\" data-id=\"2ec804cd\" data-element_type=\"column\" data-e-type=\"column\">\n\t\t\t<div class=\"elementor-widget-wrap elementor-element-populated\">\n\t\t\t\t\t\t<div class=\"elementor-element elementor-element-7f8a77d3 elementor-widget elementor-widget-themedraft_section_title\" data-id=\"7f8a77d3\" data-element_type=\"widget\" data-e-type=\"widget\" data-widget_type=\"themedraft_section_title.default\">\n\t\t\t\t<div class=\"elementor-widget-container\">\n\t\t\t\t\t\n\t\t<div class=\"td-section-title-wrapper\">\n            <div class=\"td-section-title-content td-secondary-font\">\n                                    <div class=\"td-section-title-bg-text\">\n                        Quien soy yo                    <\/div>\n                \n                                    <div class=\"td-section-subtitle td-primary-color\">\n                        Quien soy yo                    <\/div>\n                \n                                    <div class=\"td-section-title\">\n                        <h2>Dr. Romeo Sales<\/h2>Ginec\u00f3logo-Onc\u00f3logo                    <\/div>\n                                        <div class=\"title-bottom-line\" style=\"background-image: url(https:\/\/www.ginecologiayoncologia.com\/pag\/wp-content\/uploads\/2025\/06\/line31.png)\"><\/div>\n                                                <\/div>\n\t\t<\/div>\n\t\t\t\t\t\t<\/div>\n\t\t\t\t<\/div>\n\t\t\t\t<div class=\"elementor-element elementor-element-6b2eb3ed elementor-widget elementor-widget-themedraft_text\" data-id=\"6b2eb3ed\" data-element_type=\"widget\" data-e-type=\"widget\" data-widget_type=\"themedraft_text.default\">\n\t\t\t\t<div class=\"elementor-widget-container\">\n\t\t\t\t\t\n\t\t<div class=\"td-text-wrapper\">\n\t\t\t<p>M\u00e9dico Cirujano, egresado de la Universidad Popular Aut\u00f3noma del Estado de Puebla (UPAEP). Especialidad en Ginecolog\u00eda y Obstetricia, Universidad Nacional Aut\u00f3noma de M\u00e9xico (UNAM) y Hospital General de M\u00e9xico \"Dr. Eduardo Liceaga\". Subespecialidad en Oncolog\u00eda Ginecol\u00f3gica, Universidad Nacional Aut\u00f3noma de M\u00e9xico (UNAM) y Hospital General de M\u00e9xico \"Dr. Eduardo Liceaga\".<\/p>\n            \t\t<\/div>\n\n\t\t\t\t\t\t<\/div>\n\t\t\t\t<\/div>\n\t\t\t\t<div class=\"elementor-element elementor-element-4c42bbcf elementor-widget elementor-widget-themedraft_promo_box\" data-id=\"4c42bbcf\" data-element_type=\"widget\" data-e-type=\"widget\" data-widget_type=\"themedraft_promo_box.default\">\n\t\t\t\t<div class=\"elementor-widget-container\">\n\t\t\t\t\t\n\t\t<div class=\"td-promo-box-wrapper td-icon-left\">\n\t\t\t<div class=\"row\">\n\t\t\t\t\t\t\t\t\t\t<div class=\"col-xl-12 col-lg-6 col-md-6\">\n\t\t\t\t\t\t\t<div class=\"td-single-promo-box\">\n\t\t\t\t\t\t\t\t<div class=\"td-promo-icon td-primary-color\">\n\t\t\t\t\t\t\t\t\t<svg aria-hidden=\"true\" class=\"e-font-icon-svg e-fas-certificate\" viewBox=\"0 0 512 512\" xmlns=\"http:\/\/www.w3.org\/2000\/svg\"><path d=\"M458.622 255.92l45.985-45.005c13.708-12.977 7.316-36.039-10.664-40.339l-62.65-15.99 17.661-62.015c4.991-17.838-11.829-34.663-29.661-29.671l-61.994 17.667-15.984-62.671C337.085.197 313.765-6.276 300.99 7.228L256 53.57 211.011 7.229c-12.63-13.351-36.047-7.234-40.325 10.668l-15.984 62.671-61.995-17.667C74.87 57.907 58.056 74.738 63.046 92.572l17.661 62.015-62.65 15.99C.069 174.878-6.31 197.944 7.392 210.915l45.985 45.005-45.985 45.004c-13.708 12.977-7.316 36.039 10.664 40.339l62.65 15.99-17.661 62.015c-4.991 17.838 11.829 34.663 29.661 29.671l61.994-17.667 15.984 62.671c4.439 18.575 27.696 24.018 40.325 10.668L256 458.61l44.989 46.001c12.5 13.488 35.987 7.486 40.325-10.668l15.984-62.671 61.994 17.667c17.836 4.994 34.651-11.837 29.661-29.671l-17.661-62.015 62.65-15.99c17.987-4.302 24.366-27.367 10.664-40.339l-45.984-45.004z\"><\/path><\/svg>\t\t\t\t\t\t\t\t<\/div>\n\n                                <h4 class=\"td-promo-title\">Certificaciones<\/h4>\n\n                                <div class=\"td-promo-desc td-last-p-0\">\n\t                                <p>Certificado por el Consejo Mexicano de Ginecolog\u00eda y Obstetricia. Certificado por el Consejo Mexicano de Oncolog\u00eda.<br \/><b>\u00c1reas de Experiencia y Capacitaci\u00f3n<\/b><br \/>Colposcopia y patolog\u00eda del tracto genital inferior. Cirug\u00eda de m\u00ednima invasi\u00f3n (laparoscop\u00eda). Histeroscop\u00eda diagn\u00f3stica y quir\u00fargica. Patolog\u00eda de gl\u00e1ndula mamaria.<br \/><b>C\u00e9dulas Profesionales<\/b><br \/>Medicina General: 8149182 Ginecolog\u00eda y Obstetricia: 12454037 Oncolog\u00eda Ginecol\u00f3gica: 12866566<\/p>                                <\/div>\n\t\t\t\t\t\t\t<\/div>\n\t\t\t\t\t\t<\/div>\n\t\t\t\t\t\t\t<\/div>\n\t\t<\/div>\n\n\t\t\t\t\t\t<\/div>\n\t\t\t\t<\/div>\n\t\t\t\t<div class=\"elementor-element elementor-element-4a0a8e27 elementor-widget elementor-widget-themedraft_button_widget\" data-id=\"4a0a8e27\" data-element_type=\"widget\" data-e-type=\"widget\" data-widget_type=\"themedraft_button_widget.default\">\n\t\t\t\t<div class=\"elementor-widget-container\">\n\t\t\t\t\t\n\t\t<div class=\"themedraft-button-wrapper td-button-el-widget\">\n\t\t\t<a href=\"https:\/\/www.doctoralia.com.mx\/romeo-sales-jimenez\/ginecologo-ginecologo-oncologico\/ciudad-de-mexico\" class=\"themedraft-button td-button themedraft-button-one\" >agendar una cita                <i class=\"fas fa-plus\"><\/i>\n            <\/a>\n\n\t\t\t\n                \n                <a class=\"td-call-button\" href=\"tel:+52%20222%20402%206800\">\n                    <i class=\"flaticon-phone-call\"><\/i>\n                    <span class=\"td-call-button-text\">+52 222 402 6800<\/span>\n                <\/a>\n                \t\t\t\t\t<\/div>\n\t\t\t\t\t\t<\/div>\n\t\t\t\t<\/div>\n\t\t\t\t\t<\/div>\n\t\t<\/div>\n\t\t\t\t<div class=\"elementor-column elementor-col-50 elementor-top-column elementor-element elementor-element-5ceb424b\" data-id=\"5ceb424b\" data-element_type=\"column\" data-e-type=\"column\">\n\t\t\t<div class=\"elementor-widget-wrap elementor-element-populated\">\n\t\t\t\t\t\t<div class=\"elementor-element elementor-element-57bbf0af elementor-widget elementor-widget-themedraft_image_with_caption\" data-id=\"57bbf0af\" data-element_type=\"widget\" data-e-type=\"widget\" data-widget_type=\"themedraft_image_with_caption.default\">\n\t\t\t\t<div class=\"elementor-widget-container\">\n\t\t\t\t\t\n\t\t<div class=\"td-img-caption-wrapper td-secondary-font\">\n            <div class=\"td-caption-images\">\n                <div class=\"td-caption-img-one td-cover-bg\" style=\"background-image: url(https:\/\/www.ginecologiayoncologia.com\/pag\/wp-content\/uploads\/2025\/06\/about-img.jpg)\"><\/div>\n                <div class=\"td-caption-img-two td-cover-bg\" style=\"background-image: url()\"><\/div>\n\n                <div class=\"td-img-caption\">\n                                    <\/div>\n            <\/div>\n\t\t<\/div>\n\n\t\t\t\t\t\t<\/div>\n\t\t\t\t<\/div>\n\t\t\t\t\t<\/div>\n\t\t<\/div>\n\t\t\t\t\t<\/div>\n\t\t<\/section>\n\t\t\t\t<section class=\"elementor-section elementor-top-section elementor-element elementor-element-26ed1065 elementor-section-stretched elementor-section-boxed elementor-section-height-default elementor-section-height-default\" data-id=\"26ed1065\" data-element_type=\"section\" data-e-type=\"section\" data-settings=\"{&quot;background_background&quot;:&quot;classic&quot;,&quot;stretch_section&quot;:&quot;section-stretched&quot;}\">\n\t\t\t\t\t\t<div class=\"elementor-container elementor-column-gap-default\">\n\t\t\t\t\t<div class=\"elementor-column elementor-col-50 elementor-top-column elementor-element elementor-element-d471f86\" data-id=\"d471f86\" data-element_type=\"column\" data-e-type=\"column\">\n\t\t\t<div class=\"elementor-widget-wrap elementor-element-populated\">\n\t\t\t\t\t\t<div class=\"elementor-element elementor-element-3abeb80b elementor-widget elementor-widget-themedraft_section_title\" data-id=\"3abeb80b\" data-element_type=\"widget\" data-e-type=\"widget\" data-widget_type=\"themedraft_section_title.default\">\n\t\t\t\t<div class=\"elementor-widget-container\">\n\t\t\t\t\t\n\t\t<div class=\"td-section-title-wrapper\">\n            <div class=\"td-section-title-content td-secondary-font\">\n                \n                                    <div class=\"td-section-subtitle td-primary-color\">\n                        Por m\u00e1s mujeres saludables                    <\/div>\n                \n                                    <div class=\"td-section-title\">\n                        <h2>Bienestar en cada etapa de la vida<\/h2>                    <\/div>\n                                                <\/div>\n\t\t<\/div>\n\t\t\t\t\t\t<\/div>\n\t\t\t\t<\/div>\n\t\t\t\t<div class=\"elementor-element elementor-element-6c60f82c elementor-widget elementor-widget-themedraft_text\" data-id=\"6c60f82c\" data-element_type=\"widget\" data-e-type=\"widget\" data-widget_type=\"themedraft_text.default\">\n\t\t\t\t<div class=\"elementor-widget-container\">\n\t\t\t\t\t\n\t\t<div class=\"td-text-wrapper\">\n\t\t\t<p>Por una vida, con un pronostico Favorable.<\/p>\n            \t\t<\/div>\n\n\t\t\t\t\t\t<\/div>\n\t\t\t\t<\/div>\n\t\t\t\t\t<\/div>\n\t\t<\/div>\n\t\t\t\t<div class=\"elementor-column elementor-col-50 elementor-top-column elementor-element elementor-element-5b320315\" data-id=\"5b320315\" data-element_type=\"column\" data-e-type=\"column\">\n\t\t\t<div class=\"elementor-widget-wrap elementor-element-populated\">\n\t\t\t\t\t\t<div class=\"elementor-element elementor-element-5a2a05a8 elementor-widget elementor-widget-themedraft_video_popup\" data-id=\"5a2a05a8\" data-element_type=\"widget\" data-e-type=\"widget\" data-widget_type=\"themedraft_video_popup.default\">\n\t\t\t\t<div class=\"elementor-widget-container\">\n\t\t\t\t\t\n\t\t<div class=\"td-img-with-video\">\n            \t\t\t<div class=\"td-video-image td-cover-bg\" style=\"background-image: url();\">\n\t\t\t\t<a href=\"https:\/\/vimeo.com\/manage\/videos\/1088875476\" class=\"td-video-button mfp-iframe\">\n\t\t\t\t\t<i class=\"fas fa-play\"><\/i>\n\t\t\t\t<\/a>\n\t\t\t<\/div>\n\t\t<\/div>\n\n        <script>\n            jQuery(document).ready(function ($) {\n                $(\".td-video-button\").magnificPopup({\n                    type: 'video',\n                });\n            });\n        <\/script>\n\n\t\t\t\t\t\t<\/div>\n\t\t\t\t<\/div>\n\t\t\t\t\t<\/div>\n\t\t<\/div>\n\t\t\t\t\t<\/div>\n\t\t<\/section>\n\t\t\t\t<\/div>\n\t\t","protected":false},"excerpt":{"rendered":"<p>Quien soy yo Quien soy yo Dr. Romeo Sales Ginec\u00f3logo-Onc\u00f3logo M\u00e9dico Cirujano, egresado de la Universidad Popular Aut\u00f3noma del Estado de Puebla (UPAEP). Especialidad en Ginecolog\u00eda y Obstetricia, Universidad Nacional Aut\u00f3noma de M\u00e9xico (UNAM) y Hospital General de M\u00e9xico &#8220;Dr. Eduardo Liceaga&#8221;. Subespecialidad en Oncolog\u00eda Ginecol\u00f3gica, Universidad Nacional Aut\u00f3noma de M\u00e9xico (UNAM) y Hospital General [&hellip;]<\/p>\n","protected":false},"author":1,"featured_media":1208,"parent":0,"menu_order":0,"comment_status":"closed","ping_status":"closed","template":"","meta":{"footnotes":""},"class_list":["post-608","page","type-page","status-publish","has-post-thumbnail","hentry"],"_links":{"self":[{"href":"https:\/\/www.ginecologiayoncologia.com\/pag\/wp-json\/wp\/v2\/pages\/608","targetHints":{"allow":["GET"]}}],"collection":[{"href":"https:\/\/www.ginecologiayoncologia.com\/pag\/wp-json\/wp\/v2\/pages"}],"about":[{"href":"https:\/\/www.ginecologiayoncologia.com\/pag\/wp-json\/wp\/v2\/types\/page"}],"author":[{"embeddable":true,"href":"https:\/\/www.ginecologiayoncologia.com\/pag\/wp-json\/wp\/v2\/users\/1"}],"replies":[{"embeddable":true,"href":"https:\/\/www.ginecologiayoncologia.com\/pag\/wp-json\/wp\/v2\/comments?post=608"}],"version-history":[{"count":20,"href":"https:\/\/www.ginecologiayoncologia.com\/pag\/wp-json\/wp\/v2\/pages\/608\/revisions"}],"predecessor-version":[{"id":1212,"href":"https:\/\/www.ginecologiayoncologia.com\/pag\/wp-json\/wp\/v2\/pages\/608\/revisions\/1212"}],"wp:featuredmedia":[{"embeddable":true,"href":"https:\/\/www.ginecologiayoncologia.com\/pag\/wp-json\/wp\/v2\/media\/1208"}],"wp:attachment":[{"href":"https:\/\/www.ginecologiayoncologia.com\/pag\/wp-json\/wp\/v2\/media?parent=608"}],"curies":[{"name":"wp","href":"https:\/\/api.w.org\/{rel}","templated":true}]}}